nits digit of 96906?
6
What is the units digit of 16049768?
8
What is the ten thousands digit of 90201?
9
What is the ten thousands digit of 177186?
7
What is the thousands digit of 7641054?
1
What is the hundreds digit of 19478702?
7
What is the hundred thousands digit of 824546?
8
What is the ten thousands digit of 1003925?
0
What is the millions digit of 8096672?
8
What is the ten thousands digit of 262236?
6
What is the ten millions digit of 14335611?
1
What is the hundred thousands digit of 187672?
1
What is the tens digit of 40808449?
4
What is the hundreds digit of 69810?
8
What is the hundred thousands digit of 32728671?
7
What is the ten millions digit of 14398556?
1
What is the hundred thousands digit of 2839246?
8
What is the hundreds digit of 5970365?
3
What is the ten thousands digit of 57590?
5
What is the ten thousands digit of 5927766?
2
What is the units digit of 453803?
3
What is the ten thousands digit of 533528?
3
What is the hundreds digit of 69306?
3
What is the ten thousands digit of 93116?
9
What is the ten thousands digit of 136151?
3
What is the millions digit of 10276898?
0
What is the thousands digit of 19401?
9
What is the tens digit of 70828?
2
What is the thousands digit of 6548185?
8
What is the ten thousands digit of 386537?
8
What is the tens digit of 561383?
8
What is the tens digit of 2341344?
4
What is the hundred thousands digit of 128393?
1
What is the hundred thousands digit of 10693963?
6
What is the hundreds digit of 347159?
1
What is the tens digit of 534?
3
What is the ten thousands digit of 596259?
9
What is the units digit of 1252908?
8
What is the ten thousands digit of 932121?
3
What is the hundred thousands digit of 1549803?
5
What is the hundreds digit of 111151?
1
What is the units digit of 97046?
6
What is the hundred thousands digit of 20210377?
2
What is the units digit of 2854194?
4
What is the tens digit of 3058127?
2
What is the millions digit of 1113612?
1
What is the units digit of 1612300?
0
What is the hundred thousands digit of 24003816?
0
What is the ten thousands digit of 8379812?
7
What is the hundred thousands digit of 5492118?
4
What is the hundred thousands digit of 535919?
5
What is the units digit of 810184?
4
What is the hundreds digit of 501699?
6
What is the units digit of 833265?
5
What is the units digit of 1190344?
4
What is the units digit of 889874?
4
What is the thousands digit of 362558?
2
What is the ten thousands digit of 62565?
6
What is the thousands digit of 25259325?
9
What is the hundreds digit of 1036912?
9
What is the thousands digit of 425326?
5
What is the tens digit of 1503932?
3
What is the hundred thousands digit of 134914?
1
What is the thousands digit of 253356?
3
What is the millions digit of 3066716?
3
What is the ten thousands digit of 3012989?
1
What is the tens digit of 1460679?
7
What is the tens digit of 246340?
4
What is the ten thousands digit of 449532?
4
What is the hundreds digit of 483415?
4
What is the hundreds digit of 9898787?
7
What is the units digit of 3553184?
4
What is the thousands digit of 26644238?
4
What is the thousands digit of 5707040?
7
What is the ten thousands digit of 3378130?
7
What is the hundreds digit of 869423?
4
What is the millions digit of 8025817?
8
What is the thousands digit of 1672632?
2
What is the units digit of 716732?
2
What is the millions digit of 16703742?
6
What is the ten thousands digit of 362198?
6
What is the units digit of 498133?
3
What is the hundreds digit of 1056250?
2
What is the tens digit of 2088610?
1
What is the hundred thousands digit of 5403086?
4
What is the tens digit of 8217930?
3
What is the units digit of 271488?
8
What is the tens digit of 204203?
0
What is the hundred thousands digit of 19274306?
2
What is the ten thousands digit of 238451?
3
What is the ten thousands digit of 325437?
2
What is the units digit of 7902861?
1
What is the hundreds digit of 7947485?
4
What is the tens digit of 441255?
5
What is the ten millions digit of 12850649?
1
What is the ten thousands digit of 275810?
7
What is the millions digit of 2794166?
2
What is the hundred thousands digit of 786011?
7
What is the hundreds digit of 8431080?
0
What is the hundreds digit of 5352116?
1
What is the ten thousands digit of 194180?
9
What is the ten thousands digit of 5198182?
9
What is the hundred thousands digit of 562775?
5
What is the thousands digit of 2228030?
8
What is the millions digit of 6310256?
6
What is the ten thousands digit of 3748890?
4
What is the units digit of 1292674?
4
What is the millions digit of 4622051?
4
What is the millions digit of 29621990?
9
What is the tens digit of 1516093?
9
What is the hundreds digit of 294?
2
What is the hundreds digit of 5461936?
9
What is the ten thousands digit of 33898?
3
What is the hundreds digit of 4955741?
7
What is the ten thousands digit of 317592?
1
What is the hundreds digit of 147913?
9
What is the millions digit of 5849524?
5
What is the tens digit of 18029839?
3
What is the tens digit of 3079209?
0
What is the hundreds digit of 490891?
8
What is the tens digit of 5312158?
5
What is the units digit of 447941?
1
What is the ten thousands digit of 606411?
0
What is the units digit of 2269944?
4
What is the ten millions digit of 30300464?
3
What is the thousands digit of 426758?
6
What is the hundreds digit of 8318945?
9
What is the hundreds digit of 2561689?
6
What is the hundred thousands digit of 7104432?
1
What is the tens digit of 2375991?
9
What is the thousands digit of 34260?
4
What is the units digit of 109947?
7
What is the ten thousands digit of 6473589?
7
What is the units digit of 230361?
1
What is the ten millions digit of 22881713?
2
What is the tens digit of 93574?
7
What is the hundreds digit of 824978?
9
What is the thousands digit of 7155441?
5
What is the hundreds digit of 2833051?
0
What is the hundred thousands digit of 34764552?
7
What is the units digit of 247320?
0
What is the hundreds digit of 449090?
0
What is the hundreds digit of 405382?
3
What is the hundred thousands digit of 849996?
8
What is the thousands digit of 16211068?
1
What is the tens digit of 2159586?
8
What is the hundreds digit of 7012984?
9
What is the ten thousands digit of 421471?
2
What is the ten thousands digit of 4879635?
7
What is the thousands digit of 12828205?
8
What is the hundred thousands digit of 3015117?
0
What is the millions digit of 16070490?
6
What is the hundreds digit of 176344?
3
What is the thousands digit of 7292075?
2
What is the millions digit of 4764992?
4
What is the thousands digit of 242398?
2
What is the hundreds digit of 2708867?
8
What is the thousands digit of 97533?
7
What is the units digit of 10376711?
1
What is the thousands digit of 5923936?
3
What is the units digit of 13668144?
4
What is the ten thousands digit of 1161357?
6
What is the ten thousands digit of 49777?
4
What is the ten thousands digit of 200722?
0
What is the millions digit of 5590644?
5
What is the units digit of 9391?
1
What is the hundred thousands digit of 7029203?
0
What is the tens digit of 8039273?
7
What is the tens digit of 14720160?
6
What is the thousands digit of 2488817?
8
What is the thousands digit of 34084046?
4
What is the thousands digit of 2753075?
3
What is the ten thousands digit of 744603?
4
What is the hundreds digit of 546963?
9
What is the tens digit of 4662790?
9
What is the millions digit of 4114816?
4
What is the tens digit of 338987?
8
What is the units digit of 12372391?
1
What is the hundred thousands digit of 2060226?
0
What is the hundred thousands digit of 114494?
1
What is the ten thousands digit of 147375?
4
What is the ten thousands digit of 542338?
4
What is the hundred thousands digit of 3129748?
1
What is the thousands digit of 3288979?
8
What is the ten millions digit of 10858119?
1
What is the thousands digit of 15871548?
1
What is the hundreds digit of 448631?
6
What is the ten thousands digit of 251184?
5
What is the ten thousands digit of 6528924?
2
What is the ten thousands digit of 195020?
9
What is the ten thousands digit of 1150587?
5
What is the hundred thousands digit of 846132?
8
What is the tens digit of 1748105?
0
What is the hundred thousands digit of 3836097?
8
What is the millions digi